 3 = 0, 4*g - 9 = -p + 24. Let r = g + 9. Suppose 3*i - r = 2*i. What are the prime factors of i?
17
Let k = -6 - -8. Suppose 2*u = 5*u - 6. Suppose 27 = 2*i - 3*d - 2, -u*d + k = 0. List the prime factors of i.
2
Suppose 0 = s - 3. Suppose -2*c = -4*u + 8, -8 = c - 5*c + 2*u. Suppose -8 - c = -s*a. What are the prime factors of a?
2
Let j be (-3)/6 - 1/(-2). Suppose a + 3 + j = 0. What are the prime factors of (-4)/(-12) - 5/a?
2
Let x = 12 - 7. Suppose 3*b = -w + 44 + 58, -15 = x*w. What are the prime factors of b?
5, 7
Let h = -6 + 28. What are the prime factors of h?
2, 11
Suppose 3*q + 2*q - y - 242 = 0, -3*y = -2*q + 102. List the prime factors of q.
2, 3
Suppose -7*m + 1292 = 249. List the prime factors of m.
149
Suppose 53 = 4*j - 331. List the prime factors of j.
2, 3
Let j(n) = -3*n + 3*n - 2 + 14*n**2. Let k(f) = -7*f**2 + 1. Let g(h) = -2*j(h) - 5*k(h). List the prime factors of g(-1).
2, 3
Suppose 3*a = -u + 69, -33 = 3*u - 4*a - 253. What are the prime factors of u?
2, 3
Let h(a) = a**3 + 16*a**2 + a + 22. List the prime factors of h(-16).
2, 3
Suppose -3*g = -4*g + 3. Suppose 4*m + 4*j = 24, 3*j = -g*m - 2*j + 16. List the prime factors of m.
7
Suppose 4*k + 2*n - 1550 = 0, k + 5*n - 80 = 312. List the prime factors of k.
3, 43
Let c(w) = 5 + 0*w**3 + 5*w**3 - 4*w - 4*w**3 - 3*w**2. Let q be c(4). Suppose q*v = 4 + 6. List the prime factors of v.
2
Let y(b) = 2*b + 12. Let t be y(-5). List the prime factors of -2 - t/((-2)/31).
29
Let g(b) be the first derivative of 3*b**2 - 3*b - 2. Suppose 4*l + 5*d - 12 = 11, 0 = -l + 4*d - 10. List the prime factors of g(l).
3
What are the prime factors of (11 - 14) + (-2)/((-2)/285)?
2, 3, 47
Let a be (-3)/((-6)/(-2))*-3. Suppose -5*r + a*p = -83, r - 3*r + p + 34 = 0. List the prime factors of r.
19
Let j(p) = -p**3 - 7*p**2 - 4*p + 18. What are the prime factors of j(-8)?
2, 3, 19
Let c(j) = -3*j**2 - 3*j - 2. Suppose -l - 9 + 6 = 0. Let u be c(l). List the prime factors of (15/u)/(1/(-16)).
2, 3
Suppose -77 = 3*d - 410. List the prime factors of d.
3, 37
Let t(v) = v**3 - 2*v**2 + 6*v - 6. Let u be t(4). Suppose -2*g - j = -4*j - 15, 4*j = -2*g + u. List the prime factors of g.
3, 5
Let k = 13 + -20. Let l = k + 7. What are the prime factors of (28 - l)/2 - 0?
2, 7
Suppose 0 = -15*g + 3*g + 1596. List the prime factors of g.
7, 19
Suppose -8*w + 994 = -w. List the prime factors of w.
2, 71
Let d(v) = -v**3 - v**2 + 5*v - 7. List the prime factors of d(-5).
2, 17
Suppose s - 2*f = -8, 0 = -3*s + 4*f - 6 - 10. What are the prime factors of (s + -20)*6/(-15)?
2
Let g = 6 + -4. Let d(k) = 7*k**2 - k - 1. Let u be d(g). Let o = -16 + u. What are the prime factors of o?
3
Suppose -4*u = 6*s - 3*s - 52, s = 3*u - 39. What are the prime factors of u?
13
Suppose 0*h - 15 = 5*h, 21 = -3*l - 2*h. Let b be 3*(-4)/(12/l). Suppose -5*m = b*a - 20, -3*a - 60 = -5*m + 2*a. List the prime factors of m.
2
Suppose 40 = 2*a - 74. Suppose a = 3*f + 4*r - 10, 0 = 3*f + 2*r - 71. List the prime factors of f.
5
Let o be (2/(-3))/(8/84). Let t = 20 + o. What are the prime factors of t?
13
Suppose -5 = -a + 2*b, 5 = 5*a - 3*b - 13. Let o be (3 - -1)*a/6. Let r = 4 - o. What are the prime factors of r?
2
Let c be 2/(-5) - 64/(-10). What are the prime factors of (2/c)/((-2)/(-30))?
5
Let f be 2 + (2 - -2)*3. List the prime factors of f + -2 + 1 + 0.
13
Let h be ((-22)/(-8))/(1/4). Let m = 16 - h. What are the prime factors of m?
5
What are the prime factors of 20 - (-5)/(5/3)?
23
Suppose 2 = 5*z + 32. List the prime factors of (-5 + 3)/(4/z).
3
Let g(u) = -9*u + 10. Let t be g(-8). Suppose 97 = 2*p + 5*b, 252 = 5*p - 2*b + t. List the prime factors of p.
2, 3
Let t(k) = k**3 - k**2 + k + 27. Let p be t(0). Suppose -3*g + 2*x + 21 = 5*x, -3*x = -5*g + p. Let m = 0 + g. List the prime factors of m.
2, 3
Let a be 6/9 - (-80)/6. Suppose 3*b - a = 2*b. List the prime factors of (-4)/b + (-158)/(-14).
11
Suppose 0 = 3*y - 411 - 177. List the prime factors of y.
2, 7
Let k(y) = 8*y**3 - y**2 - 5*y - 6. What are the prime factors of k(3)?
2, 3, 31
Let y = -4 + 6. Let u(b) = 0*b**2 - b**3 - b**2 - b**y + 4*b. What are the prime factors of u(-4)?
2
Suppose 2*z = -3*u + 2, 2*z + 0 = 2*u + 2. List the prime factors of (-4 - 1)/(z/(-3)).
3, 5
Let y = -1 + -5. Let w(l) be the third derivative of l**5/60 + l**4/4 + 4*l**3/3 - l**2. What are the prime factors of w(y)?
2
List the prime factors of ((-1)/(-2))/(1/(-76))*-2.
2, 19
What are the prime factors of (36/27)/((-2)/(-45))?
2, 3, 5
Suppose -w - w = -112. What are the prime factors of w?
2, 7
Let a(f) = -10*f**3 + 2*f**2 + 2*f + 4. What are the prime factors of a(-2)?
2, 11
Let j(k) = -k**3 + 23*k**2 + 26*k - 45. List the prime factors of j(24).
3
What are the prime factors of 10467/33 - 6/33?
317
Suppose -w - 20 = 4*w. Let z = 14 - w. What are the prime factors of z?
2, 3
Let p(z) = z - 1. Let i(o) = 2*o**2 + 9*o - 3. Let l(f) = i(f) - 6*p(f). Let k be l(-2). Suppose -4*d + 59 = k*a, 0 = d + 3*d - 4. List the prime factors of a.
11
Let y = -27 - -75. List the prime factors of y.
2, 3
Let o(m) = -m**3 + 5*m**2 + 7*m - 1. List the prime factors of o(5).
2, 17
Let o be (2 - -1)*4/6. Suppose z = o*z - 18. Suppose y - 14 = -4*w, 3*w - 5*y - 4 - z = 0. List the prime factors of w.
2
Let z(v) = v**2 - 7*v + 2. Let r be z(8). Suppose 0 = 4*l + r - 230. Suppose 4 = 3*a - 2*i - 33, 2*i + l = 5*a. What are the prime factors of a?
3
Let f(k) = 63*k + 28. Let d(b) = 7*b + 3. Let y(c) = -28*d(c) + 3*f(c). What are the prime factors of y(-2)?
2, 7
Let s be (-3)/6 + (-133)/(-2). Suppose 0 = v + v - s. List the prime factors of v.
3, 11
Let j = 38 - 26. Let m = j - 9. Suppose 3*z - u = 42, m*z + 2*z + 3*u - 56 = 0. List the prime factors of z.
13
Let v = 5 - 5. Suppose 26 = 4*j - v*o - 3*o, 4*j + 2*o - 16 = 0. List the prime factors of j.
5
Suppose 5*v - p - 15 = 0, -5*v + 4 = 5*p - 11. Suppose -2*h + 29 = -v. What are the prime factors of h/9 + (-10)/(-45)?
2
Let i be (-21)/(-4) + (-7)/28. What are the prime factors of (i + 0 - 4) + 52?
53
Suppose t = -4 + 18. Let a be 2/(-7) - (-4)/t. Suppose o - 3 = -3*b, a = 4*b - 2*b. What are the prime factors of o?
3
What are the prime factors of (243/(-12))/(18/(-48))?
2, 3
Suppose 2*p - 12 = -2. Let b be (-3 + 11/p)*-5. List the prime factors of b + (2 + -1)/(-1).
3
Let k be (-1)/(-3)*(3 - -12). Suppose a - y + 0*y = 14, -k*a + 106 = 4*y. What are the prime factors of a?
2, 3
Suppose 61 = 3*q - 44. List the prime factors of q.
5, 7
Suppose 2*d - 48 = -2*s + s, 4*d + 54 = s. What are the prime factors of s?
2, 5
What are the prime factors of 58 + 0 + 10 + -14?
2, 3
Suppose 15 + 396 = 3*t. What are the prime factors of t?
137
Suppose 4*p = 3*n - 45, 18 - 3 = -3*n. Let h = p - -35. List the prime factors of h.
2, 5
Suppose -f = -195 + 46. What are the prime factors of f?
149
Suppose 3*c - 25 = -2*c. Suppose 0 = c*y + i - 33, 6*y = 2*y - 5*i + 39. List the prime factors of 8/(-4) - y/(-1).
2
Suppose g - 26 = -10. List the prime factors of g.
2
Let x(a) be the second derivative of -a**4/12 - 5*a**3/3 - 7*a**2/2 - 4*a. List the prime factors of x(-7).
2, 7
Let a(m) = 0*m + 3*m + 1 + 8*m + 3. What are the prime factors of a(4)?
2, 3
Suppose -z = -6*z + 25. Suppose 2*r = -3*r - w - z, 0 = -3*r + 3*w - 21. List the prime factors of 11*-1*2/r.
11
Let x(g) = 2*g**2 + 7*g - 10. Let l be x(6). Suppose -4*h + 8*h - l = 0. List the prime factors of h.
2, 13
Let n(q) = -19*q - 1. What are the prime factors of n(-1)?
2, 3
Suppose -5*k = -2*a - 21, 4*a - 4 - 4 = 0. Suppose -k*m + 6 = -n, 3*n + 3*m + 0 = 18. What are the prime factors of n?
2
List the prime factors of -1 + ((-2)/(-6))/(3/1548).
3, 19
Let r(s) be the third derivative of -s**4/24 - 5*s**3/6 + s**2. Let o be r(-7). List the prime factors of (5 - o)*8/6.
2
Let f(k) = -k**2 - 17*k - 41. What are the prime factors of f(-8)?
31
Suppose 19 = -t - 5*h, 4*t + 1 = 3*h + 2*h. Let j = -4 - t. What are the prime factors of (-1*3)/(j + -1)?
3
Let y(t) = 2*t**3 - 3*t**2 - 4*t. Let x be y(3). What are the prime factors of (2 - 3)/((-3)/x)?
5
Let a = -10 - -15. Suppose 0 = 5*c - a*r - 215, 59 = c - 0*r - 5*r. Suppose 0 = -3*x + 7*l - 3*l + 6, -4*x + c = 5*l. List the prime factors of x.
2, 3
Let z = -11 + 13. Suppos